h).
12
Let f = 17 - -3. Suppose -3*c - 2*c = -f. Suppose -p = -c*p - q + 147, 4*p = -q + 197. Calculate the remainder when p is divided by 17.
16
What is the remainder when -2*(-4 - 44/8) is divided by 10?
9
Suppose 5*l - 101 = 9. What is the remainder when 41 is divided by l?
19
Suppose 2*o - 8 = 0, -k - 8 = 3*o - 39. Calculate the remainder when 92 is divided by k.
16
Let o be 2*(38/4 - 0). Let u = 2 + o. Let l = u + -7. Calculate the remainder when l is divided by 5.
4
Suppose 0*s = -s + 9. What is the remainder when 52 is divided by s?
7
Suppose 19 = -2*z - 9*l + 4*l, -2*l + 2 = -4*z. Calculate the remainder when 31 is divided by z/(-7) + 550/35.
15
Suppose -g + 6*g - 70 = 0. Suppose 72 = 3*i + 3*s - 78, -5*i = -4*s - 250. What is the remainder when i is divided by 4/g - (-89)/7?
11
Suppose 5*k - 51 - 14 = 0. Calculate the remainder when 49 is divided by k.
10
Let l(u) = 2*u - 1. Let s be -2*(-1)/(-2) + 1. Let w be (-2)/(-2) + (1 - s). Calculate the remainder when 6 is divided by l(w).
0
Suppose -5*v - o + 16 + 11 = 0, -5*o - 27 = -2*v. Let y be (v - 2)/(2 + -4). Calculate the remainder when 17 is divided by 1/((-3)/60*y).
7
Suppose -h - 113 = -k - 4*k, 3*h - 6 = 0. Suppose 3*d + 0 - 36 = 0. What is the remainder when k is divided by d?
11
Let a(x) = 2*x + 31. What is the remainder when a(-8) is divided by 4?
3
Calculate the remainder when 38 is divided by 4/(-26) - (-5 + 394/(-26)).
18
Let n(k) = k + 28. Let s be n(0). Let c = -8 + s. Suppose -f + c = 4*f. What is the remainder when f is divided by 3?
1
Let h(s) = -s**3 + 5*s**2 + 5*s - 14. Let u(j) = j**3 - j**2 - j + 5. Let c be u(0). What is the remainder when 108/c - (-3)/(-5) is divided by h(5)?
10
Let r(p) = -p**3 + 6*p - 5 - 3*p**2 + 14 - 2*p**2. Let n = 23 + -29. Calculate the remainder when 25 is divided by r(n).
7
Suppose 0 = -5*u - 3*h + 69, 5*h - 44 = -3*u - 9. Calculate the remainder when 27 is divided by u.
12
Let r(d) = 5*d + 3. Calculate the remainder when r(5) is divided by ((-5)/(-2))/(3/18).
13
Let s be 3/3 + -3 - 0. Calculate the remainder when 12 is divided by s/(-8) + 81/12.
5
Let c(n) = -n**2 - 10*n - 4. Calculate the remainder when 142/6 + 14/(-21) is divided by c(-8).
11
Let f(r) = r**3 + 4*r**2 + 5*r + 5. What is the remainder when 16 is divided by f(-2)?
1
Suppose 118 = 5*u + 23. Calculate the remainder when u is divided by 7.
5
Suppose 5*m + 5 = -y + 2*m, -3*y = 5*m + 11. Let a(p) = -p**3 - 2. Let s be a(0). Calculate the remainder when s + 16 + (y - -5) is divided by 5.
2
Let h(s) = s**3 + 5*s**2 - 3*s + 2. Let m = 15 - 25. Let x = m + 16. Calculate the remainder when h(-5) is divided by x.
5
Let k = -2 + 17. Suppose 216 = 5*p - 2*u, -48 = -p - 4*u + 2*u. What is the remainder when p is divided by k?
14
Suppose y - 9 = 4. Calculate the remainder when y is divided by 5.
3
Suppose 2*n - 1 = 3. Suppose 2*o + 46 = 4*k, 2*k - 8 = -2*o - n*o. What is the remainder when 28 is divided by k?
8
Let c be 0 + 4 - (-144)/(-9). Let j = c + 30. What is the remainder when j is divided by 7?
4
Let j(i) = -i**3 + 8*i**2 - 7*i + 5. Calculate the remainder when 23 is divided by j(7).
3
Let l = -56 + 77. Calculate the remainder when 83 is divided by l.
20
Calculate the remainder when (-4)/7 - (-4879)/49 is divided by 17.
14
Let n be 3*2/6*2. Let g(v) = -v**3 - v + 5 - 4*v + 2*v**n + 4*v**2. What is the remainder when 13 is divided by g(5)?
3
Let s(v) = v**2 - 21*v + 22. Calculate the remainder when 3 is divided by s(20).
1
Let x(q) = 8*q - 1. Let p(c) = 42*c**2 - c. What is the remainder when p(-1) is divided by x(2)?
13
Let k(g) = -g**3 - g**2 + g + 49. Let m = 5 - -12. Calculate the remainder when k(0) is divided by m.
15
Let x(o) = -2*o**2 + 40*o + 24. Let q be -2 + 1 + 2 + 2. Suppose -v - q*h - h = -13, 3*h + 13 = v. Calculate the remainder when x(20) is divided by v.
11
Suppose 6*h - 14 = 3*h - r, -3*h + 3*r = 6. Suppose q + 18 = h*q. Calculate the remainder when 26 is divided by q.
8
Let r(f) = -5*f + 58. What is the remainder when 31 is divided by r(9)?
5
Let v(o) be the first derivative of -o**2/2 + 3*o - 2. Suppose 0 = -2*j - h + 6*h + 5, 0 = 5*j + 2*h + 31. What is the remainder when 21 is divided by v(j)?
5
Let l = 15 + -12. Suppose -2*o + 33 = l. What is the remainder when 42 is divided by o?
12
Suppose -2*c = -5*b + 237, b + b - c - 94 = 0. Calculate the remainder when 191 is divided by b.
44
Let f be (2 + -3 - 0)*-4. What is the remainder when 10 is divided by (-30)/f*4/(-5)?
4
Suppose 0 = -d + 2*d - y - 17, 5*y = -4*d + 50. What is the remainder when d is divided by 4?
3
Let d(y) = -4 - 7*y**2 + y - 3*y**3 + 2*y**3 + 5*y**2. What is the remainder when d(-3) is divided by (-1 - 2)/(-3)*1?
0
Suppose 4*s - 53 = 95. What is the remainder when s is divided by 19?
18
Suppose -2*s + 7*s + 35 = 0. Let r = 23 - s. What is the remainder when r is divided by 11?
8
Suppose 0 = 3*l + 5*l - 480. What is the remainder when l is divided by 31?
29
Let p(t) = 3*t - 1. Let h be p(-4). Let k = h - -23. What is the remainder when k is divided by 6?
4
Let x(f) = 5*f - 7. Suppose 0 = 3*b + 2*g - 12, b + 3*g = -6 + 3. Calculate the remainder when x(b) is divided by 8.
7
Calculate the remainder when (94/4)/(3/(-4))*-3 is divided by 24.
22
Suppose -2*t + 2*f = -96, 3*f - 5*f = -3*t + 142. Suppose 0 = -d - 0*d + t. Calculate the remainder when d is divided by 12.
10
Suppose 462 + 69 = 9*k. Calculate the remainder when k is divided by 23.
13
Calculate the remainder when (1/(30/516))/(4/10) is divided by 2*-5*(-6)/4.
13
Let i be 78/24 + 1/(-4). Suppose 3*u - t + 32 = 6*u, i*t = 5*u - 72. Calculate the remainder when 33 is divided by u.
9
Suppose 3*g - 67 = 11. Let h = g + 37. What is the remainder when h is divided by 22?
19
Let a = 672 - 448. What is the remainder when a is divided by 45?
44
Let z(a) = a**3 - 6*a**2 + 2*a - 1. Calculate the remainder when -1 + 0 + 11*2 is divided by z(6).
10
Let l(p) = p**3 + 16*p**2 + 12*p - 27. Calculate the remainder when 31 is divided by l(-15).
13
Suppose -5*c + 4*h + 26 = -0*c, h + 4 = 0. Suppose 4*f - 24 = -4*o, 0 = -4*o - f - c*f + 21. Calculate the remainder when 11 is divided by o.
2
Let y be (-4)/(-16) - 11/(-4). Let b = 1 + y. Suppose -b*a + 44 = -0*a. Calculate the remainder when a is divided by 4.
3
Let h(q) = 2*q + 1. What is the remainder when 27 is divided by h(3)?
6
Suppose 7*f + 58 = 8*f. Let b = -13 - -7. Calculate the remainder when (f/b)/((-3)/9) is divided by 10.
9
Let q(u) = -u**3 + u**2 - 2*u + 1. Calculate the remainder when q(-2) is divided by 9.
8
Let y = -67 - -85. What is the remainder when 71 is divided by y?
17
Suppose 4*q - 19 = r, 35 = 4*q + q - 5*r. Calculate the remainder when q is divided by 3.
1
Suppose -2*b + o + 2 = 0, -5*b - 4*o - 11 = 10. Calculate the remainder when (-2 + (-68)/6)*3/(-2) is divided by 10 - ((b - -3) + -3).
9
Suppose 10*c = 5*c + 5*q + 5, -4*c + 28 = 2*q. Suppose -c*y + 30 = -0*y. Calculate the remainder when 28 is divided by y.
4
Let f(x) = 2*x - 4. Let q be f(6). Suppose -j + w - 2 = -0, 0 = 3*j - 4*w + q. Suppose -4*u + 16 = -j*u. What is the remainder when 10 is divided by u?
2
Let b(m) = -10*m + 2 - 3 + m**2 - 4 - 2. Calculate the remainder when 14 is divided by b(11).
2
Suppose g - 4*g - 2*d = -2, 5*d = -g - 8. Let f = 5 - g. Calculate the remainder when 3 is divided by f.
0
Let h(p) = -p**3 - 5*p**2 + 6*p - 3. Let w be h(-6). What is the remainder when 13 is divided by (w - -6)*8/6?
1
Let y = 155 + -73. Calculate the remainder when y is divided by 22.
16
Let t = 20 + -11. Suppose -3*b + 3*a + 6 = 0, -6*b + b = -2*a - 19. What is the remainder when t is divided by b?
4
Suppose 1 = u - 0*u. Let h = u + 4. Suppose -h*r + 55 = -45. What is the remainder when r is divided by 7?
6
Let h(l) = -7*l**2 + l**2 + l**3 + 0*l + 2*l. Let c(k) = -k**3 + 10*k**2 - 5*k + 11. What is the remainder when c(9) is divided by h(6)?
11
Let m = 13 - 13. Suppose 0 = c - m*c, 18 = 2*g - c. Calculate the remainder when 25 is divided by g.
7
Let j = -19 + 73. Suppose -4*o = -3*m + j, 0*m - 3*m - 3*o + 75 = 0. What is the remainder when 43 is divided by m?
21
Suppose 29*h = 32*h - 234. What is the remainder when h is divided by 27?
24
Let v = 45 - 33. Calculate the remainder when 34 is divided by v.
10
Let l(u) = -4*u -